MONTHLY CLIMATOLOGICAL SUMMARY for JUL. 2016

NAME: Beeney Road   CITY: New Hartford STATE: Connecticut
ELEV: 1060 LAT: 041:52:00 LONG: 0073:02:00

                            TEMPERATURE ( F), RAIN (in.), WIND SPEED (mph)

                                               HEAT     COOL           AVG
      MEAN                                     DEG      DEG            WIND                       DOM
DAY   TEMP    HIGH   TIME     LOW    TIME      DAYS     DAYS    RAIN   SPEED    HIGH    TIME      DIR
----------------------------------------------------------------------------------------------------------------------------------------------------------
01    69.8   083.7   14:47    59.4   05:55     00.0     04.9   00.28   00.8     13.8    15:01     SSW
02    65.9   079.4   15:57    56.6   05:58     00.0     01.0   00.00   02.6     19.6    18:22      W 
03    66.3   084.5   15:03    52.3   05:23     00.0     01.3   00.00   01.5     15.0    13:03      W 
04    70.0   088.2   15:02    54.7   05:41     00.0     05.1   00.00   01.1     12.7    13:30     WSW
05    73.2   086.7   16:52    65.6   04:56     00.0     08.3   00.34   00.6     10.4    17:27     WSW
06    76.2   093.7   16:18    61.8   05:25     00.0     11.3   00.00   01.0     11.5    15:08     WSW
07    75.8   092.6   13:22    66.9   05:37     00.0     10.9   00.44   00.6     16.1    14:00     WSW
08    73.4   087.6   15:08    62.9   23:59     00.0     08.5   00.13   01.5     10.4    15:43      NE
09    62.9   069.8   12:00    58.3   05:34     02.1     00.0   00.14   00.9     08.1    18:04      E 
10    68.1   081.3   14:45    61.0   03:39     00.0     03.2   00.09   01.1     16.1    18:54     NNW
11    67.1   081.4   16:44    56.0   05:39     00.0     02.2   00.00   01.2     12.7    09:01      N 
12    69.6   086.4   15:00    55.4   05:47     00.0     04.7   00.00   00.6     08.1    14:14     WSW
13    73.7   090.2   15:28    62.6   05:38     00.0     08.8   00.00   01.8     13.8    15:47     WSW
14    75.0   088.4   16:18    65.9   00:50     00.0     10.0   00.19   01.0     12.7    18:14      SW
15    77.3   091.5   15:51    66.8   05:38     00.0     12.4   00.00   00.6     09.2    18:25     WSW
16    75.5   090.9   14:36    63.8   05:36     00.0     10.6   00.00   00.7     10.4    13:31     WNW
17    75.7   091.2   15:49    65.5   05:52     00.0     10.8   00.00   00.9     13.8    15:29     WNW
18    74.9   093.5   13:40    64.2   05:33     00.0     10.0   00.06   02.2     19.6    15:03     WSW
19    69.9   084.4   14:13    58.2   23:58     00.0     04.9   00.00   02.6     20.7    07:43     WNW
20    67.6   083.3   16:22    55.3   03:30     00.0     02.7   00.00   01.4     12.7    14:11      NW
21    72.2   089.9   15:47    57.3   06:04     00.0     07.2   00.00   01.3     13.8    16:41      W 
22    78.8   095.4   15:12    65.5   05:34     00.0     13.8   00.00   03.0     20.7    10:34     WSW
23    78.8   095.5   16:07    68.8   06:20     00.0     13.9   00.00   02.4     19.6    20:26      W 
24    75.1   092.4   16:09    61.3   05:18     00.0     10.1   00.00   01.4     16.1    15:22     WNW
25    76.1   095.2   13:46    63.7   05:38     00.0     11.2   00.02   01.3     12.7    19:12     WSW
26    75.5   090.5   15:27    65.7   06:12     00.0     10.5   00.01   02.4     17.3    14:18      W 
27    76.2   093.0   16:27    63.2   05:41     00.0     11.2   00.00   01.5     11.5    11:32     WNW
----------------------------------------------------------------------------------------------------------------------------------------------------------
72.6 (74.8)   95.5  day 23     52.3  day 03   002.1    209.3   01.70   01.4     20.7   day 23      W 
Max >=  86: 19
Min <=  86: 27
Max Rain: 0.44 ON 7-07-16
Days of Rain: 10 (> .008in) 7 (> .08in) 0 (> 0.8in)