MONTHLY CLIMATOLOGICAL SUMMARY for MAR. 2015

NAME: Beeney Road   CITY: New Hartford STATE: Connecticut
ELEV: 1060 LAT: 041:52:00 LONG: 0073:02:00

                            TEMPERATURE ( F), RAIN (in.), WIND SPEED (mph)

                                               HEAT     COOL           AVG
      MEAN                                     DEG      DEG            WIND                       DOM
DAY   TEMP    HIGH   TIME     LOW    TIME      DAYS     DAYS    RAIN   SPEED    HIGH    TIME      DIR
----------------------------------------------------------------------------------------------------------------------------------------------------------
01    21.2   032.6   11:38    07.1   02:35     43.8     00.0   00.00   02.2     14.9    23:41      SW
02    26.6   034.0   14:12    18.3   23:57     38.4     00.0   00.01   06.0     27.6    14:59     WNW
03    23.0   037.2   12:08    08.5   05:42     42.0     00.0   00.01   03.1     19.6    23:34      SW
04    37.3   045.1   12:01    32.5   00:01     27.7     00.0   00.57   03.5     16.1    01:06      W 
05    23.1   033.0   00:01    10.6   00:00     41.9     00.0   00.00   04.9     25.3    06:51      NW
06    14.4   030.8   14:44    01.4   05:13     50.5     00.0   00.00   03.1     19.6    00:19     WNW
07    23.0   038.4   13:53    07.5   06:14     41.9     00.0   00.02   04.3     20.7    12:48     WSW
08    32.1   045.0   15:40    20.9   03:02     32.9     00.0   00.16   03.4     26.4    14:58      W 
09    33.4   046.9   16:05    22.5   02:37     31.5     00.0   00.15   02.9     20.7    14:38      W 
10    38.7   055.3   14:01    25.9   03:03     26.2     00.0   00.13   01.6     13.8    15:30      SW
11    43.4   054.0   14:39    36.0   23:55     21.5     00.0   00.03   04.7     26.4    13:38     WNW
12    33.4   039.1   15:39    24.6   00:00     31.6     00.0   00.00   06.2     32.2    07:34     WNW
13    30.1   043.6   16:08    16.8   07:04     34.9     00.0   00.00   02.4     16.1    16:48     WSW
14    35.5   040.8   13:59    29.2   01:22     29.5     00.0   00.69   01.1     09.2    05:05     WSW
15    35.6   042.6   13:56    29.3   23:28     29.3     00.0   00.00   07.0     33.4    16:55     WNW
16    36.5   049.8   15:52    26.7   06:55     28.4     00.0   00.00   02.7     23.0    00:21     WNW
17    37.4   049.6   12:08    25.3   23:23     27.6     00.0   00.07   05.6     42.5    17:45     WNW
18    23.7   031.8   14:31    18.5   23:18     41.3     00.0   00.00   08.3     41.4    14:22     WNW
19    22.7   033.8   16:25    12.7   05:23     42.2     00.0   00.00   04.1     26.4    10:44     WNW
20    25.6   034.2   12:44    19.1   04:46     39.4     00.0   00.00   00.6     10.3    10:55      NE
21    31.2   035.0   10:06    24.4   00:01     33.8     00.0   00.00   00.0     00.0    00:00      N 
22    27.0   034.6   07:16    14.5   23:59     37.9     00.0   00.00   04.6     33.4    11:29     WNW
23    19.2   029.4   16:03    12.3   06:33     45.8     00.0   00.00   06.1     27.6    09:16     WNW
24    26.4   047.2   14:47    12.9   07:11     38.6     00.0   00.00   02.1     14.9    01:06      NW
25    32.9   052.9   15:19    19.6   06:49     32.1     00.0   00.10   02.2     18.4    17:46      SW
26    41.7   047.8   11:29    34.5   00:01     23.2     00.0   00.37   02.6     14.9    20:49     WSW
27    37.6   045.6   13:52    33.3   19:55     27.3     00.0   00.26   03.6     16.1    23:14      NW
28    31.5   038.3   15:04    23.8   00:00     33.4     00.0   00.04   05.1     20.7    18:26      NW
29    27.9   041.5   16:25    17.9   06:59     37.0     00.0   00.01   03.9     16.1    01:46      NW
30    35.5   049.5   15:01    24.8   00:02     29.4     00.0   00.00   04.3     67.8    17:20     WSW
----------------------------------------------------------------------------------------------------------------------------------------------------------
30.2 (30.8)   55.3  day 10     01.4  day 06   1040.8    000.0   02.63   03.7     67.9   day 18     WNW
Max <=  32: 3
Min <=  86: 30
Min <=  23: 17
Min <=   5: 1
Max Rain: 0.69 ON 14-03-15
Days of Rain: 15 (> .008in) 8 (> .08in) 0 (> 0.8in)