MONTHLY CLIMATOLOGICAL SUMMARY for DEC. 2014

NAME: Beeney Road   CITY: New Hartford STATE: Connecticut
ELEV: 1060 LAT: 041:52:00 LONG: 0073:02:00

                            TEMPERATURE ( F), RAIN (in.), WIND SPEED (mph)

                                               HEAT     COOL           AVG
      MEAN                                     DEG      DEG            WIND                       DOM
DAY   TEMP    HIGH   TIME     LOW    TIME      DAYS     DAYS    RAIN   SPEED    HIGH    TIME      DIR
----------------------------------------------------------------------------------------------------------------------------------------------------------
01    42.8   056.1   12:06    32.3   23:31     22.1     00.0   00.51   04.7     20.7    22:39     WNW
02    30.9   034.3   12:01    27.4   09:04     34.0     00.0   00.01   03.8     15.0    18:10     ENE
03    36.1   041.7   14:09    29.5   23:54     28.8     00.0   00.37   02.4     25.3    17:38      W 
04    29.3   037.1   13:01    23.7   00:00     35.6     00.0   00.00   01.7     21.9    10:59     WNW
05    28.4   035.0   12:40    20.6   07:11     36.6     00.0   00.00   01.5     11.5    08:57     ENE
06    35.4   038.2   12:52    32.7   00:04     29.5     00.0   01.23   01.1     15.0    23:32     NNE
07    29.6   036.4   13:35    17.9   23:53     35.4     00.0   00.00   05.2     25.3    09:49      N 
08    20.5   025.9   23:59    12.5   06:52     44.4     00.0   00.00   03.6     17.3    07:34      NE
09    33.7   038.5   16:30    25.8   00:10     31.2     00.0   02.08   06.6     31.1    14:20     NNE
10    33.4   036.7   11:30    28.7   00:00     31.6     00.0   00.14   04.2     16.1    11:34      NW
11    29.4   033.7   12:14    25.1   23:41     35.6     00.0   00.00   03.7     15.0    12:48      W 
12    28.2   032.7   13:35    24.3   01:31     36.8     00.0   00.00   04.8     21.9    18:01     WNW
13    29.6   033.0   14:41    26.0   06:03     35.4     00.0   00.00   05.6     24.2    13:19      NW
14    34.6   038.5   11:32    31.4   00:02     30.4     00.0   00.04   05.3     21.9    03:29      NW
15    32.2   038.0   12:40    27.0   22:25     32.7     00.0   00.01   02.6     19.6    00:04      NW
16    32.3   037.0   13:35    25.4   04:10     32.6     00.0   00.26   00.1     08.1    11:21      NE
17    39.2   045.8   12:10    33.7   23:58     25.8     00.0   00.18   03.3     21.9    19:15     WNW
18    33.7   037.6   13:17    31.3   07:05     31.3     00.0   00.00   05.7     32.2    08:34     WNW
----------------------------------------------------------------------------------------------------------------------------------------------------------
32.2 (32.0)   56.1  day 01     12.5  day 08   589.8    000.0   04.83   03.7     32.2   day 09      NW
Max <=  32: 1
Min <=  86: 18
Min <=  23: 3
Max Rain: 2.08 ON 9-12-14
Days of Rain: 10 (> .008in) 7 (> .08in) 2 (> 0.8in)