MONTHLY CLIMATOLOGICAL SUMMARY for JUL. 2014

NAME: Beeney Road   CITY: New Hartford STATE: Connecticut
ELEV: 1060 LAT: 041:52:00 LONG: 0073:02:00

                            TEMPERATURE ( F), RAIN (in.), WIND SPEED (mph)

                                               HEAT     COOL           AVG
      MEAN                                     DEG      DEG            WIND                       DOM
DAY   TEMP    HIGH   TIME     LOW    TIME      DAYS     DAYS    RAIN   SPEED    HIGH    TIME      DIR
----------------------------------------------------------------------------------------------------------------------------------------------------------
01    75.7   090.9   14:32    63.3   03:55     00.0     10.7   00.00   01.0     13.8    16:46     WSW
02    75.0   092.7   13:28    68.0   23:04     00.0     10.1   00.94   01.0     20.7    16:28     WSW
03    75.9   090.2   15:46    65.3   23:58     00.0     10.9   00.86   00.7     13.8    19:52      W 
04    64.8   072.6   10:39    56.3   00:00     00.2     00.0   00.66   01.8     18.4    23:17      NW
05    64.9   080.5   16:41    54.1   05:32     00.1     00.0   00.00   03.3     21.9    09:31      W 
06    68.0   084.5   15:40    53.5   05:39     00.0     03.1   00.00   01.6     17.3    14:24     WSW
07    74.4   089.0   15:51    64.9   01:35     00.0     09.5   00.02   01.4     18.4    16:23     WSW
08    75.5   090.1   15:43    64.5   05:42     00.0     10.6   00.38   02.0     19.6    23:39     WSW
09    73.2   086.9   15:55    64.1   23:48     00.0     08.2   00.01   01.7     19.6    02:12     WSW
10    69.6   084.4   15:56    58.8   06:08     00.0     04.7   00.00   00.8     09.2    09:49      NW
11    69.5   084.9   14:50    58.3   06:07     00.0     04.5   00.00   00.9     08.1    17:53     NNW
12    71.1   087.5   14:34    57.9   05:43     00.0     06.1   00.00   00.6     08.1    17:15     WSW
13    73.3   086.4   15:13    63.4   05:12     00.0     08.3   00.73   01.2     12.7    14:36     WSW
14    72.5   081.7   13:48    67.1   21:19     00.0     07.6   00.39   00.2     09.2    02:32      W 
15    75.0   085.2   15:30    69.5   00:04     00.0     10.1   00.16   00.2     11.5    12:29      SW
16    70.5   083.1   17:04    62.2   08:03     00.0     05.6   00.55   00.6     12.7    08:16     WNW
17    67.4   083.4   16:21    57.7   05:43     00.0     02.4   00.00   00.8     16.1    17:11     WNW
18    66.5   082.9   15:33    54.7   05:26     00.0     01.6   00.00   00.6     09.2    17:09     WNW
19    66.7   080.5   14:03    56.8   04:15     00.0     01.8   00.00   00.1     05.8    18:56     ENE
20    68.0   083.2   16:46    58.3   03:45     00.0     03.1   00.00   00.5     09.2    12:39     ENE
21    69.3   087.8   14:59    56.2   05:01     00.0     04.3   00.00   00.3     08.1    12:05     ENE
22    74.2   090.3   16:10    62.0   04:26     00.0     09.2   00.00   00.7     10.4    13:04     WSW
23    76.2   090.7   14:18    66.3   05:55     00.0     11.2   00.61   01.3     16.1    13:24     WSW
24    69.5   082.7   16:00    60.6   00:00     00.0     04.5   00.02   01.7     13.8    12:23      NW
25    67.0   082.6   15:59    54.4   05:26     00.0     02.0   00.00   00.6     10.4    15:08     WNW
26    68.5   082.3   11:59    59.1   02:27     00.0     03.6   00.00   00.8     12.7    11:21     WSW
27    70.7   082.8   16:33    63.6   00:09     00.0     05.7   00.47   00.4     11.5    15:33     WSW
28    70.9   084.2   15:36    61.3   23:57     00.0     06.0   00.16   01.6     16.1    16:35     WSW
29    64.7   078.2   16:30    56.1   00:00     00.3     00.0   00.00   01.7     15.0    10:05      W 
30    66.3   080.3   15:58    54.5   00:58     00.0     01.4   00.00   00.4     09.2    13:03     WNW
----------------------------------------------------------------------------------------------------------------------------------------------------------
70.5 (72.6)   92.7  day 02     53.5  day 06   000.5    167.0   05.96   01.0     21.9   day 09      W 
Max >=  86: 11
Min <=  86: 30
Max Rain: 0.94 ON 2-07-14
Days of Rain: 14 (> .008in) 11 (> .08in) 2 (> 0.8in)