MONTHLY CLIMATOLOGICAL SUMMARY for MAY. 2016

NAME: Beeney Road   CITY: New Hartford STATE: Connecticut
ELEV: 1060 LAT: 041:52:00 LONG: 0073:02:00

                            TEMPERATURE ( F), RAIN (in.), WIND SPEED (mph)

                                               HEAT     COOL           AVG
      MEAN                                     DEG      DEG            WIND                       DOM
DAY   TEMP    HIGH   TIME     LOW    TIME      DAYS     DAYS    RAIN   SPEED    HIGH    TIME      DIR
----------------------------------------------------------------------------------------------------------------------------------------------------------
01    43.7   051.5   11:09    38.6   21:50     21.2     00.0   00.31   01.5     12.7    14:39      SE
02    46.3   053.2   17:58    38.9   00:29     18.6     00.0   00.52   01.3     11.5    17:50     NNW
03    48.9   054.0   15:40    46.0   00:13     16.1     00.0   00.46   00.7     09.2    15:40      NE
04    45.7   048.7   12:15    42.2   23:57     19.2     00.0   00.06   02.9     19.6    18:42     ENE
05    46.3   052.1   17:04    41.2   03:21     18.6     00.0   00.01   04.6     19.6    09:25      NE
06    50.6   061.9   14:35    45.5   06:49     14.3     00.0   00.38   03.8     17.3    15:11     ENE
07    49.1   053.5   18:05    44.9   06:15     15.8     00.0   00.13   01.7     11.5    06:15      NE
08    51.5   060.6   16:20    42.2   23:59     13.4     00.0   00.07   04.0     26.4    17:19      W 
09    52.1   069.3   16:25    37.7   04:52     12.9     00.0   00.00   04.2     23.0    12:34     WNW
10    52.5   071.8   15:49    36.4   05:54     12.5     00.0   00.00   02.6     16.1    11:38     WNW
11    60.1   080.2   16:14    42.4   04:19     04.9     00.0   00.00   02.0     11.5    18:31      NW
12    62.8   083.9   16:07    47.3   06:00     02.1     00.0   00.00   01.8     11.5    17:04      SE
13    59.7   074.8   11:51    48.3   04:46     05.3     00.0   00.25   01.5     11.5    11:56      SW
14    60.6   077.7   14:42    49.5   04:43     04.4     00.0   00.28   02.5     21.9    23:50     WSW
15    47.4   058.5   12:20    37.4   00:00     17.5     00.0   00.00   05.2     28.8    13:50     WNW
16    47.8   062.8   16:16    35.6   03:29     17.2     00.0   00.00   05.2     32.2    17:28      W 
17    56.4   074.0   13:34    42.2   03:08     08.5     00.0   00.00   02.4     23.0    13:45      W 
18    57.7   074.5   15:41    45.3   05:06     07.2     00.0   00.00   01.4     11.5    14:03     NNE
19    59.1   076.1   14:43    48.8   05:51     05.8     00.0   00.01   00.6     10.3    14:48      E 
20    59.7   080.1   16:22    43.5   05:51     05.3     00.0   00.00   01.3     14.9    11:15      NW
21    59.4   075.8   14:49    45.8   05:44     05.6     00.0   00.00   00.6     11.5    14:48     SSW
22    60.5   078.6   17:07    49.6   03:26     04.4     00.0   00.03   01.1     13.8    13:08     NNE
23    63.8   083.7   16:52    47.3   05:52     01.1     00.0   00.00   01.8     17.3    12:54     ENE
24    59.8   072.2   15:44    53.9   23:28     05.1     00.0   00.25   01.5     12.7    15:06     NNE
25    67.5   088.0   15:22    51.1   05:22     00.0     02.6   00.00   01.5     20.7    14:46      W 
26    73.7   090.4   13:35    60.6   03:30     00.0     08.8   00.00   00.5     09.2    13:52     WSW
27    75.3   090.6   16:37    62.8   03:22     00.0     10.4   00.00   01.0     11.5    17:07      SW
----------------------------------------------------------------------------------------------------------------------------------------------------------
56.2 (57.8)   90.6  day 27     35.6  day 16   256.9    021.7   02.76   02.2     32.2   day 16      NW
Max >=  86: 3
Min <=  86: 27
Max Rain: 0.52 ON 2-05-16
Days of Rain: 13 (> .008in) 8 (> .08in) 0 (> 0.8in)