MONTHLY CLIMATOLOGICAL SUMMARY for APR. 2015

NAME: Beeney Road   CITY: New Hartford STATE: Connecticut
ELEV: 1060 LAT: 041:52:00 LONG: 0073:02:00

                            TEMPERATURE ( F), RAIN (in.), WIND SPEED (mph)

                                               HEAT     COOL           AVG
      MEAN                                     DEG      DEG            WIND                       DOM
DAY   TEMP    HIGH   TIME     LOW    TIME      DAYS     DAYS    RAIN   SPEED    HIGH    TIME      DIR
----------------------------------------------------------------------------------------------------------------------------------------------------------
01    34.6   045.4   16:15    25.3   06:52     30.3     00.0   00.00   04.2     25.3    15:44      NW
02    42.9   060.8   15:41    24.7   01:42     22.1     00.0   00.00   04.4     19.6    17:04      SW
03    51.8   061.5   14:03    44.6   05:49     13.1     00.0   00.20   03.0     16.1    01:24     WSW
04    41.5   049.0   00:01    27.3   00:00     23.5     00.0   00.30   05.9     35.6    12:49     WNW
05    34.0   044.6   10:58    26.1   00:39     30.9     00.0   00.02   02.9     19.6    08:46      W 
06    43.0   061.0   15:52    29.0   05:47     22.0     00.0   00.04   01.5     11.5    15:21      S 
07    42.3   049.5   11:50    37.6   00:00     22.7     00.0   00.27   02.1     10.3    16:24      NE
08    35.0   038.1   09:32    32.1   21:30     29.9     00.0   00.41   04.5     20.7    09:20     ENE
09    33.2   035.5   15:23    31.2   08:11     31.8     00.0   00.10   01.3     12.7    23:16     ENE
10    43.8   053.0   15:34    33.7   02:36     21.2     00.0   00.49   03.4     17.3    22:26      SW
11    43.7   052.8   15:05    35.7   23:36     21.2     00.0   00.00   05.9     26.4    14:29     WNW
12    48.7   067.4   16:02    33.5   04:07     16.3     00.0   00.00   03.7     24.1    00:34     WNW
13    54.4   072.1   15:14    40.7   06:19     10.5     00.0   00.00   03.6     16.1    18:54      SW
14    55.1   066.8   14:14    45.9   08:03     09.8     00.0   00.07   03.2     17.3    15:16      W 
15    52.9   066.1   15:57    43.0   06:16     12.0     00.0   00.00   05.0     28.8    11:51      NW
16    49.8   068.6   15:25    32.9   05:37     15.1     00.0   00.00   02.8     14.9    20:11      SW
17    54.7   069.2   14:38    47.4   00:09     10.3     00.0   00.10   03.8     14.9    23:58     WSW
----------------------------------------------------------------------------------------------------------------------------------------------------------
44.8 (45.7)   72.1  day 13     24.7  day 02   342.7    000.0   02.00   03.6     35.7   day 04      W 
Min <=  86: 17
Max Rain: 0.49 ON 10-04-15
Days of Rain: 10 (> .008in) 7 (> .08in) 0 (> 0.8in)