MONTHLY CLIMATOLOGICAL SUMMARY for JUL. 2015

NAME: Beeney Road   CITY: New Hartford STATE: Connecticut
ELEV: 1060 LAT: 041:52:00 LONG: 0073:02:00

                            TEMPERATURE ( F), RAIN (in.), WIND SPEED (mph)

                                               HEAT     COOL           AVG
      MEAN                                     DEG      DEG            WIND                       DOM
DAY   TEMP    HIGH   TIME     LOW    TIME      DAYS     DAYS    RAIN   SPEED    HIGH    TIME      DIR
----------------------------------------------------------------------------------------------------------------------------------------------------------
01    70.1   080.4   17:10    61.9   23:59     00.0     05.1   00.74   02.1     20.7    17:49      W 
02    68.1   081.5   15:13    57.4   05:36     00.0     03.1   00.00   01.3     10.4    10:45     WNW
03    66.2   082.7   16:11    53.0   05:39     00.0     01.2   00.00   01.5     09.2    09:25      NW
04    64.2   075.1   17:19    56.6   00:00     00.8     00.0   00.04   00.2     05.8    17:13     ENE
05    69.1   086.2   16:18    55.9   05:45     00.0     04.2   00.00   01.0     09.2    15:37     WNW
06    72.1   087.9   15:52    59.3   05:41     00.0     07.2   00.00   00.5     06.9    14:38      SW
07    72.5   085.4   15:14    65.8   03:43     00.0     07.6   00.09   00.9     13.8    16:12      SW
08    75.1   091.8   16:07    65.9   23:54     00.0     10.1   00.01   01.1     10.4    14:51      W 
09    70.3   083.1   14:40    62.5   05:51     00.0     05.3   00.18   01.0     08.1    01:06     ENE
10    70.4   084.2   16:04    62.6   00:00     00.0     05.4   00.27   01.8     15.0    12:45      NW
11    71.0   087.5   14:28    58.3   05:01     00.0     06.1   00.00   01.1     11.5    00:41     WNW
12    73.4   089.5   16:40    60.3   05:39     00.0     08.5   00.00   00.8     09.2    08:49      W 
13    74.1   089.1   14:42    62.3   23:49     00.0     09.1   00.00   00.6     09.2    16:37      SE
14    73.3   086.3   14:40    62.2   00:44     00.0     08.4   00.39   00.7     09.2    11:49      E 
15    71.3   086.7   12:13    56.3   00:00     00.0     06.4   00.75   01.7     16.1    23:14      N 
16    64.0   081.9   17:21    52.7   06:05     00.9     00.0   00.00   01.9     12.7    05:29     NNE
17    66.8   084.4   15:39    52.1   05:29     00.0     01.9   00.00   00.7     08.1    16:51      NW
18    73.1   087.1   16:49    64.9   02:16     00.0     08.1   00.00   01.5     11.5    07:01     WSW
19    78.5   095.0   16:56    67.1   05:51     00.0     13.6   00.00   00.9     11.5    16:00      W 
20    79.2   094.3   15:59    68.3   23:51     00.0     14.3   00.00   01.2     10.4    15:49      W 
21    74.2   090.7   15:58    59.8   00:00     00.0     09.3   00.66   00.4     15.0    18:34     WSW
22    67.1   084.1   15:50    57.7   04:25     00.0     02.2   00.00   00.3     12.7    23:15     WSW
23    68.2   084.3   14:54    56.9   03:48     00.0     03.2   00.00   01.2     18.4    11:13      W 
24    68.2   088.1   15:42    54.7   05:22     00.0     03.3   00.00   00.6     11.5    18:38     WNW
25    68.7   086.8   14:46    56.5   06:12     00.0     03.8   00.00   00.4     08.1    21:05      NE
26    72.1   084.3   15:44    63.9   01:09     00.0     07.2   00.09   00.5     10.4    11:39     WSW
27    74.1   088.5   16:18    63.5   05:38     00.0     09.2   00.00   00.8     09.2    17:32     WSW
----------------------------------------------------------------------------------------------------------------------------------------------------------
70.9 (73.1)   95.0  day 19     52.1  day 17   001.7    163.6   03.22   01.0     20.7   day 01     WNW
Max >=  86: 15
Min <=  86: 27
Max Rain: 0.75 ON 15-07-15
Days of Rain: 10 (> .008in) 8 (> .08in) 0 (> 0.8in)