MONTHLY CLIMATOLOGICAL SUMMARY for SEP. 2016

NAME: Beeney Road   CITY: New Hartford STATE: Connecticut
ELEV: 1060 LAT: 041:52:00 LONG: 0073:02:00

                            TEMPERATURE ( F), RAIN (in.), WIND SPEED (mph)

                                               HEAT     COOL           AVG
      MEAN                                     DEG      DEG            WIND                       DOM
DAY   TEMP    HIGH   TIME     LOW    TIME      DAYS     DAYS    RAIN   SPEED    HIGH    TIME      DIR
----------------------------------------------------------------------------------------------------------------------------------------------------------
01    70.0   080.3   15:22    61.2   23:57     00.0     05.0   00.03   00.6     09.2    23:03      NW
02    65.3   082.6   15:28    54.6   06:39     00.0     00.4   00.00   01.6     13.8    11:19     NNW
03    63.2   076.4   15:32    55.0   04:21     01.7     00.0   00.00   00.9     09.2    15:28      NE
04    62.8   079.1   15:40    51.8   06:23     02.1     00.0   00.00   01.4     14.9    13:03      NE
05    66.0   080.2   14:59    53.4   05:37     00.0     01.1   00.00   02.8     18.4    20:28     NNE
06    69.5   080.2   14:59    64.2   09:49     00.0     04.5   00.01   03.9     18.4    07:26      NE
07    71.3   084.2   15:25    65.8   05:03     00.0     06.3   00.01   01.7     13.8    00:36      NE
08    73.6   087.7   14:12    60.9   06:21     00.0     08.6   00.00   00.6     09.2    21:42     WNW
09    77.2   090.4   15:18    70.4   02:54     00.0     12.3   00.01   01.4     18.4    10:33      W 
10    75.9   088.8   15:01    67.1   06:14     00.0     10.9   00.03   00.8     13.8    12:06     NNE
11    69.1   077.9   08:51    55.4   23:57     00.0     04.2   00.60   02.3     19.6    12:08      W 
12    59.7   076.8   15:26    47.8   06:46     05.2     00.0   00.00   00.6     09.2    17:39     WNW
13    64.5   080.8   15:30    52.2   05:08     00.4     00.0   00.00   01.4     12.7    13:31     WSW
14    68.4   085.5   15:16    57.9   00:00     00.0     03.5   00.00   02.6     14.9    17:46      W 
15    57.8   072.3   15:24    49.3   06:13     07.2     00.0   00.00   01.6     10.3    13:16     NNE
16    58.4   075.4   15:21    47.4   05:03     06.5     00.0   00.00   00.5     10.3    13:24      W 
17    61.2   077.3   15:27    48.2   06:20     03.8     00.0   00.00   01.1     11.5    13:15     WSW
18    69.5   080.3   15:21    62.4   00:10     00.0     04.6   00.01   01.2     10.3    13:36     WSW
19    69.1   073.5   14:52    63.1   23:51     00.0     04.2   00.41   00.3     08.1    13:04      SW
20    67.9   080.4   15:32    59.9   06:24     00.0     02.9   00.00   00.3     06.9    07:58     NNW
21    66.7   081.4   14:46    59.2   07:08     00.0     01.8   00.00   01.3     10.3    14:06      NW
22    65.1   082.3   15:45    54.0   05:39     00.0     00.2   00.00   00.8     09.2    15:51      NE
23    67.4   082.6   14:40    54.5   23:59     00.0     02.5   00.02   01.1     12.7    23:41     WNW
24    54.2   065.6   15:30    44.8   00:00     10.7     00.0   00.10   02.0     13.8    15:09      N 
25    50.2   063.8   15:11    41.3   06:40     14.7     00.0   00.00   01.8     17.3    12:52      NW
26    52.3   067.3   15:51    37.3   06:48     12.7     00.0   00.00   00.9     11.5    22:55      NW
27    61.6   072.3   14:46    53.5   23:26     03.3     00.0   00.40   00.4     08.1    09:13      W 
----------------------------------------------------------------------------------------------------------------------------------------------------------
65.1 (67.0)   90.4  day 09     37.3  day 26   068.3    073.0   01.63   01.3     19.6   day 11     NNW
Max >=  86: 3
Min <=  86: 27
Max Rain: 0.60 ON 11-09-16
Days of Rain: 11 (> .008in) 4 (> .08in) 0 (> 0.8in)