MONTHLY CLIMATOLOGICAL SUMMARY for FEB. 2016

NAME: Beeney Road   CITY: New Hartford STATE: Connecticut
ELEV: 1060 LAT: 041:52:00 LONG: 0073:02:00

                            TEMPERATURE ( F), RAIN (in.), WIND SPEED (mph)

                                               HEAT     COOL           AVG
      MEAN                                     DEG      DEG            WIND                       DOM
DAY   TEMP    HIGH   TIME     LOW    TIME      DAYS     DAYS    RAIN   SPEED    HIGH    TIME      DIR
----------------------------------------------------------------------------------------------------------------------------------------------------------
01    41.6   058.4   11:13    32.9   00:00     23.3     00.0   00.00   04.2     24.2    10:14      W 
02    34.5   044.3   14:05    27.1   04:36     30.5     00.0   00.00   01.4     16.1    10:26     WNW
03    43.3   053.7   19:19    30.1   00:29     21.6     00.0   00.88   03.9     20.7    18:31     SSW
04    45.5   053.1   05:58    36.9   19:23     19.4     00.0   00.02   03.8     19.6    07:22     WNW
05    30.4   037.1   00:04    22.2   22:57     34.6     00.0   00.00   04.7     26.5    16:06      NW
06    25.1   037.9   14:21    14.1   07:04     39.8     00.0   00.03   02.7     15.0    00:27     WSW
07    30.0   043.6   13:40    20.0   03:28     34.9     00.0   00.17   01.8     12.7    15:05      NW
08    25.3   031.9   03:15    20.8   23:57     39.6     00.0   00.00   04.5     23.0    07:03      NE
09    24.2   035.1   12:38    12.8   07:20     40.8     00.0   00.00   00.2     10.4    05:45     ENE
10    28.9   039.8   12:22    21.2   00:00     36.1     00.0   00.01   00.8     11.5    16:17      W 
11    17.1   025.6   13:50    06.0   23:45     47.8     00.0   00.00   05.5     27.6    23:46     WNW
12    12.9   026.9   13:57   -00.3   06:20     52.1     00.0   00.00   02.8     24.2    00:03     WSW
----------------------------------------------------------------------------------------------------------------------------------------------------------
29.9 (30.5)   58.4  day 01    -00.3  day 12   420.5    000.0   01.11   03.0     27.6   day 11     WNW
Max <=  32: 3
Min <=  86: 12
Min <=  23: 8
Min <=   5: 1
Max Rain: 0.88 ON 3-02-16
Days of Rain: 5 (> .008in) 2 (> .08in) 1 (> 0.8in)