MONTHLY CLIMATOLOGICAL SUMMARY for NOV. 2016

NAME: Beeney Road   CITY: New Hartford STATE: Connecticut
ELEV: 1060 LAT: 041:52:00 LONG: 0073:02:00

                            TEMPERATURE ( F), RAIN (in.), WIND SPEED (mph)

                                               HEAT     COOL           AVG
      MEAN                                     DEG      DEG            WIND                       DOM
DAY   TEMP    HIGH   TIME     LOW    TIME      DAYS     DAYS    RAIN   SPEED    HIGH    TIME      DIR
----------------------------------------------------------------------------------------------------------------------------------------------------------
01    38.0   054.6   14:57    26.7   07:28     26.9     00.0   00.00   01.3     10.4    13:28      SW
02    54.6   067.7   15:21    44.2   07:54     10.3     00.0   00.00   01.9     09.2    08:40     WSW
03    57.0   071.0   13:53    50.5   21:18     07.9     00.0   00.00   03.4     25.3    16:09     WNW
04    46.8   052.9   14:13    35.4   00:00     18.2     00.0   00.00   03.3     18.4    15:49     WNW
05    42.5   055.8   14:45    30.4   04:19     22.5     00.0   00.00   01.6     12.7    14:00      W 
06    43.2   049.4   10:36    33.1   23:02     21.7     00.0   00.00   04.0     24.2    11:52     NNW
07    38.1   049.5   14:34    29.6   06:17     26.8     00.0   00.00   01.7     13.8    10:09      N 
08    48.4   062.8   13:17    37.3   04:49     16.6     00.0   00.00   01.1     11.5    08:10     WNW
09    49.5   055.6   14:10    42.5   23:57     15.5     00.0   00.05   02.2     26.5    23:09      NW
10    41.5   050.3   13:37    30.4   06:20     23.4     00.0   00.00   03.5     17.3    22:40      W 
11    42.5   054.7   10:14    32.0   00:00     22.5     00.0   00.00   06.5     33.4    09:47     WNW
12    34.4   042.6   13:59    27.5   07:09     30.6     00.0   00.00   03.2     20.7    06:19     WNW
13    42.6   054.0   13:40    34.5   00:35     22.3     00.0   00.00   03.0     13.8    21:24      W 
14    46.0   058.2   13:43    35.3   07:17     19.0     00.0   00.00   01.9     11.5    09:56      W 
15    44.5   047.7   23:31    40.8   12:08     20.4     00.0   01.05   02.9     18.4    12:41      NE
16    45.7   052.2   12:39    41.2   23:52     19.2     00.0   00.06   03.1     16.1    13:19     WNW
17    44.5   053.1   13:08    38.4   06:13     20.4     00.0   00.00   03.9     21.9    15:15      NW
18    46.3   063.1   14:10    33.5   06:42     18.6     00.0   00.00   00.9     10.4    09:07     NNW
19    46.8   057.2   13:58    38.6   06:37     18.1     00.0   00.00   01.0     09.2    12:48      E 
20    33.7   046.1   00:01    26.4   23:41     31.2     00.0   00.63   06.6     26.5    20:16      W 
21    28.6   033.2   10:33    24.9   06:06     36.3     00.0   00.00   06.6     27.6    11:22      W 
22    29.3   034.0   12:42    25.6   05:16     35.6     00.0   00.00   07.7     33.4    19:10     WNW
23    29.3   035.4   14:02    25.2   06:53     35.6     00.0   00.00   04.1     25.3    02:57      NW
24    34.0   039.6   13:16    29.1   00:43     31.0     00.0   00.28   00.9     09.2    02:26      NE
25    41.0   047.4   14:25    35.7   01:09     24.0     00.0   00.12   00.5     05.8    16:19      NW
----------------------------------------------------------------------------------------------------------------------------------------------------------
42.0 (42.7)   71.0  day 03     24.9  day 21   574.6    000.0   02.19   03.1     33.4   day 22     WNW
Min <=  86: 25
Max Rain: 1.05 ON 15-11-16
Days of Rain: 6 (> .008in) 4 (> .08in) 1 (> 0.8in)