MONTHLY CLIMATOLOGICAL SUMMARY for JUN. 2016

NAME: Beeney Road   CITY: New Hartford STATE: Connecticut
ELEV: 1060 LAT: 041:52:00 LONG: 0073:02:00

                            TEMPERATURE ( F), RAIN (in.), WIND SPEED (mph)

                                               HEAT     COOL           AVG
      MEAN                                     DEG      DEG            WIND                       DOM
DAY   TEMP    HIGH   TIME     LOW    TIME      DAYS     DAYS    RAIN   SPEED    HIGH    TIME      DIR
----------------------------------------------------------------------------------------------------------------------------------------------------------
01    68.6   087.1   15:33    55.0   05:19     00.0     03.6   00.00   01.1     12.7    11:24      NE
02    66.1   082.9   14:45    54.2   05:23     00.0     01.2   00.00   01.2     10.4    16:12     ENE
03    63.9   072.6   15:59    57.6   01:07     01.0     00.0   00.24   00.5     06.9    23:18     WSW
04    72.3   086.6   15:01    59.4   05:39     00.0     07.3   00.00   00.4     09.2    11:41     WNW
05    63.9   069.2   12:27    61.0   22:31     01.1     00.0   01.76   01.0     12.7    12:52     ESE
06    68.2   082.8   16:39    60.4   05:11     00.0     03.2   00.01   02.1     15.0    14:32     WSW
07    68.6   083.2   16:18    56.7   00:00     00.0     03.6   00.00   02.2     24.2    18:24      W 
08    58.6   072.0   12:08    50.0   00:00     06.4     00.0   00.07   03.4     24.2    21:00      W 
09    57.2   071.8   15:50    48.5   03:59     07.8     00.0   00.00   04.2     26.5    13:48      W 
10    58.8   075.5   16:35    45.7   03:37     06.1     00.0   00.00   02.4     20.7    08:55     WNW
11    58.9   072.9   17:24    44.5   05:23     06.1     00.0   00.38   00.2     16.1    12:47     SSW
12    63.0   074.6   12:10    52.3   21:32     01.9     00.0   00.00   04.0     27.6    20:00     WNW
13    58.5   073.7   17:03    48.6   04:15     06.4     00.0   00.00   04.4     20.7    17:22     WNW
14    61.0   078.2   16:22    47.7   05:21     03.9     00.0   00.00   02.8     17.3    13:55     WNW
15    67.8   084.9   15:27    52.7   04:18     00.0     02.8   00.00   01.4     13.8    08:04      W 
16    71.7   088.7   15:29    60.1   04:37     00.0     06.7   00.00   00.5     09.2    13:17      NE
17    68.6   084.7   15:33    57.5   00:00     00.0     03.7   00.00   01.3     13.8    11:58      NE
18    68.6   088.3   16:22    54.9   04:36     00.0     03.7   00.00   01.0     10.4    11:47     SSE
19    68.5   087.2   14:57    54.9   05:31     00.0     03.6   00.00   00.7     10.4    16:39     WSW
20    70.1   089.6   15:52    54.1   04:57     00.0     05.2   00.00   01.1     09.2    16:28     WSW
21    71.7   087.4   15:46    58.3   23:58     00.0     06.8   00.00   02.2     17.3    07:50      W 
22    66.2   081.0   12:09    53.0   06:14     00.0     01.3   00.00   01.1     16.1    14:32      W 
23    67.4   087.9   14:20    53.2   05:29     00.0     02.5   00.00   00.2     09.2    12:03     NNW
24    68.6   086.8   16:25    55.9   06:05     00.0     03.6   00.00   00.9     09.2    12:08     NNE
25    68.5   089.6   16:07    52.7   05:30     00.0     03.6   00.00   00.4     09.2    13:26     NNE
26    70.9   090.2   15:29    56.7   02:59     00.0     06.0   00.00   00.7     08.1    17:19     WSW
27    70.3   088.2   14:31    58.1   05:54     00.0     05.4   00.01   01.1     13.8    12:15     WSW
28    69.8   079.4   13:20    65.8   03:07     00.0     04.9   00.57   00.6     08.1    18:57      SW
29    71.1   087.2   15:57    62.4   04:57     00.0     06.2   00.03   01.0     11.5    08:13      W 
30    70.6   088.9   16:12    57.3   05:33     00.0     05.7   00.00   01.4     10.4    16:12     WNW
----------------------------------------------------------------------------------------------------------------------------------------------------------
66.6 (68.7)   90.2  day 26     44.5  day 11   040.6    090.5   03.07   01.5     27.6   day 13      W 
Max >=  86: 14
Min <=  86: 30
Max Rain: 1.76 ON 5-06-16
Days of Rain: 8 (> .008in) 4 (> .08in) 1 (> 0.8in)