MONTHLY CLIMATOLOGICAL SUMMARY for APR. 2014

NAME: Beeney Road   CITY: New Hartford STATE: Connecticut
ELEV: 1060 LAT: 041:52:00 LONG: 0073:02:00

                            TEMPERATURE ( F), RAIN (in.), WIND SPEED (mph)

                                               HEAT     COOL           AVG
      MEAN                                     DEG      DEG            WIND                       DOM
DAY   TEMP    HIGH   TIME     LOW    TIME      DAYS     DAYS    RAIN   SPEED    HIGH    TIME      DIR
----------------------------------------------------------------------------------------------------------------------------------------------------------
01    40.3   057.7   15:58    27.6   06:57     24.6     00.0   00.00   02.2     13.8    00:35      NW
02    44.3   060.8   16:04    31.2   03:23     20.6     00.0   00.00   01.8     10.3    12:12     WSW
03    43.4   057.1   16:21    33.6   06:56     21.5     00.0   00.00   03.9     19.6    14:25      NW
04    41.0   051.9   11:59    33.6   23:38     23.9     00.0   00.10   03.6     19.6    11:39      E 
05    39.5   052.9   15:49    32.0   00:00     25.4     00.0   00.15   04.5     25.3    13:56     WNW
06    39.9   057.0   16:28    28.2   06:42     25.0     00.0   00.00   04.2     26.4    03:33     WNW
07    43.8   057.7   11:59    31.5   06:21     21.1     00.0   00.13   02.7     16.1    23:47      E 
08    49.9   063.7   14:34    40.6   23:48     15.0     00.0   00.46   04.6     26.4    16:26      W 
09    43.4   056.0   15:24    34.2   05:37     21.6     00.0   00.00   06.0     31.1    14:14     WNW
10    43.6   063.4   15:43    27.3   06:23     21.4     00.0   00.00   04.2     18.4    16:26      SW
11    54.1   072.5   14:20    46.1   02:22     10.8     00.0   00.22   03.4     17.3    16:26     WSW
12    52.2   069.0   15:49    39.5   06:45     12.7     00.0   00.07   03.0     17.3    14:47      W 
13    57.5   077.1   15:47    43.4   04:33     07.5     00.0   00.00   03.5     17.3    18:58     SSW
14    62.6   076.5   15:17    52.8   06:14     02.3     00.0   00.00   06.0     25.3    17:58      SW
15    53.3   060.6   12:23    30.0   00:00     11.7     00.0   01.38   07.3     31.1    20:22      SW
16    31.5   042.4   16:13    23.7   06:42     33.4     00.0   00.30   05.8     34.5    02:12      NW
----------------------------------------------------------------------------------------------------------------------------------------------------------
46.3 (47.9)   77.1  day 13     23.7  day 16   298.7    000.0   02.82   04.2     34.5   day 16      W 
Min <=  86: 16
Max Rain: 1.38 ON 15-04-14
Days of Rain: 8 (> .008in) 7 (> .08in) 1 (> 0.8in)