MONTHLY CLIMATOLOGICAL SUMMARY for SEP. 2014

NAME: Beeney Road   CITY: New Hartford STATE: Connecticut
ELEV: 1060 LAT: 041:52:00 LONG: 0073:02:00

                            TEMPERATURE ( F), RAIN (in.), WIND SPEED (mph)

                                               HEAT     COOL           AVG
      MEAN                                     DEG      DEG            WIND                       DOM
DAY   TEMP    HIGH   TIME     LOW    TIME      DAYS     DAYS    RAIN   SPEED    HIGH    TIME      DIR
----------------------------------------------------------------------------------------------------------------------------------------------------------
01    73.6   086.5   16:05    65.7   05:00     00.0     08.7   00.00   00.5     09.2    14:41     WSW
02    76.4   088.8   15:13    67.5   06:28     00.0     11.5   00.00   01.3     11.5    22:26     WSW
03    69.6   080.8   15:10    59.3   23:59     00.0     04.6   00.00   02.5     16.1    09:17     WNW
04    67.3   084.7   15:59    55.1   05:44     00.0     02.4   00.00   00.5     10.4    15:00      W 
05    72.6   087.3   15:28    61.6   06:40     00.0     07.7   00.00   01.0     10.4    12:22     WSW
06    75.7   089.0   14:53    62.2   23:59     00.0     10.7   00.01   02.3     19.6    18:46      W 
07    64.2   077.0   15:29    55.7   00:00     00.7     00.0   00.09   01.0     12.7    14:14      NW
08    61.9   077.8   14:55    51.9   06:40     03.1     00.0   00.00   01.0     12.7    10:20     ENE
09    60.9   074.5   15:14    50.5   06:30     04.0     00.0   00.00   00.9     12.7    10:04     ENE
10    61.5   076.0   15:19    52.2   02:34     03.4     00.0   00.00   00.8     12.7    13:42     ENE
11    65.8   075.7   15:18    57.2   00:00     00.0     00.9   00.00   01.5     19.6    21:02      W 
12    58.7   071.7   15:16    50.1   00:00     06.2     00.0   00.00   02.4     17.3    03:00      NW
13    55.3   067.2   11:49    47.4   02:06     09.6     00.0   00.31   00.8     11.5    11:30     ENE
14    52.0   066.9   15:30    43.5   07:12     12.9     00.0   00.00   01.5     19.6    03:52      NW
15    53.3   067.1   15:16    44.4   04:33     11.7     00.0   00.00   00.5     09.2    15:04      NW
16    56.7   068.1   14:23    50.7   01:35     08.2     00.0   00.14   00.3     09.2    23:59      W 
17    54.0   070.0   16:24    44.0   06:26     11.0     00.0   00.00   00.5     11.5    13:35     WNW
18    55.4   071.5   14:37    44.4   06:37     09.6     00.0   00.00   00.8     11.5    15:01      NW
19    48.9   060.6   15:20    41.1   06:53     16.1     00.0   00.00   01.3     15.0    08:56     ENE
20    56.6   072.3   14:50    41.9   01:11     08.3     00.0   00.00   00.8     12.7    13:43      SW
21    66.8   077.2   14:01    58.1   00:01     00.0     01.9   00.10   00.3     09.2    13:22     SSE
22    57.8   069.0   15:32    46.1   23:43     07.2     00.0   00.00   02.7     19.6    16:46      W 
----------------------------------------------------------------------------------------------------------------------------------------------------------
62.1 (63.9)   89.0  day 06     41.1  day 19   111.9    048.4   00.65   01.2     19.6   day 14     WNW
Max >=  86: 4
Min <=  86: 22
Max Rain: 0.31 ON 13-09-14
Days of Rain: 5 (> .008in) 4 (> .08in) 0 (> 0.8in)