MONTHLY CLIMATOLOGICAL SUMMARY for AUG. 2014

NAME: Beeney Road   CITY: New Hartford STATE: Connecticut
ELEV: 1060 LAT: 041:52:00 LONG: 0073:02:00

                            TEMPERATURE ( F), RAIN (in.), WIND SPEED (mph)

                                               HEAT     COOL           AVG
      MEAN                                     DEG      DEG            WIND                       DOM
DAY   TEMP    HIGH   TIME     LOW    TIME      DAYS     DAYS    RAIN   SPEED    HIGH    TIME      DIR
----------------------------------------------------------------------------------------------------------------------------------------------------------
01    71.2   087.9   13:19    61.5   01:22     00.0     06.3   00.09   00.6     11.5    15:52     WSW
02    67.2   076.7   13:58    59.5   23:57     00.0     02.2   00.03   00.5     09.2    13:22      E 
03    67.9   082.7   15:44    58.4   01:45     00.0     03.0   00.00   00.4     10.3    10:31     ESE
04    72.0   087.1   15:58    61.3   05:26     00.0     07.1   00.00   00.7     08.1    16:17      W 
05    72.3   088.8   15:27    60.4   06:12     00.0     07.3   00.27   00.4     19.6    22:01     WNW
06    68.1   081.7   15:24    59.3   06:15     00.0     03.2   00.04   01.2     13.8    14:51     WNW
07    65.0   081.4   14:49    56.2   23:39     00.0     00.1   00.00   01.6     13.8    13:12     WNW
08    66.2   081.4   15:44    55.8   05:18     00.0     01.3   00.00   01.3     12.7    12:07     WNW
09    68.0   083.0   15:53    56.4   05:58     00.0     03.0   00.00   00.5     10.3    08:20      NW
10    69.9   088.6   16:05    58.4   06:10     00.0     05.0   00.00   00.6     09.2    12:51      N 
11    69.4   087.2   15:33    57.0   06:14     00.0     04.4   00.00   00.5     09.2    15:20     ESE
13    66.9   078.6   15:19    60.2   00:00     00.0     01.9   03.02   01.8     23.0    09:39     ENE
14    62.1   075.5   16:20    52.9   06:30     02.8     00.0   00.01   02.2     17.3    08:20      W 
15    59.4   070.4   14:06    50.2   06:12     05.5     00.0   00.04   00.8     10.3    15:26      W 
16    62.7   076.7   15:32    51.2   05:44     02.2     00.0   00.00   00.9     13.8    14:24     WSW
17    66.6   080.0   14:21    57.6   05:35     00.0     01.7   00.00   01.8     13.8    23:55      W 
18    64.0   078.0   15:18    55.3   00:00     00.9     00.0   00.00   01.8     16.1    05:16     WNW
19    62.5   080.9   15:45    49.4   06:17     02.4     00.0   00.00   00.3     09.2    13:29     NNE
20    67.9   085.9   14:36    55.4   05:37     00.0     03.0   00.00   00.3     06.9    16:34     ENE
21    69.8   080.5   13:09    62.9   05:17     00.0     04.9   00.00   00.4     09.2    13:10     ESE
22    67.2   075.9   14:12    62.2   06:12     00.0     02.2   00.00   00.7     10.3    19:58      E 
23    65.6   078.1   14:55    57.0   00:00     00.0     00.7   00.00   00.6     11.5    08:57      NE
24    64.7   082.3   15:29    52.9   05:26     00.3     00.0   00.00   00.9     12.7    15:04     ENE
25    69.2   087.3   16:06    57.6   03:58     00.0     04.3   00.00   00.6     09.2    12:17     NNE
26    70.3   088.1   15:30    59.2   06:24     00.0     05.3   00.00   00.4     09.2    16:17     WNW
27    72.7   089.9   16:02    61.6   03:54     00.0     07.8   00.06   01.0     11.5    23:49     WSW
----------------------------------------------------------------------------------------------------------------------------------------------------------
67.3 (69.7)   89.9  day 27     49.4  day 19   014.2    074.6   02.60   00.9     23.0   day 13     WNW
Max >=  86: 8
Min <=  86: 26
Max Rain: 3.02 ON 13-08-14
Days of Rain: 8 (> .008in) 3 (> .08in) 1 (> 0.8in)