MONTHLY CLIMATOLOGICAL SUMMARY for JAN. 2015

NAME: Beeney Road   CITY: New Hartford STATE: Connecticut
ELEV: 1060 LAT: 041:52:00 LONG: 0073:02:00

                            TEMPERATURE ( F), RAIN (in.), WIND SPEED (mph)

                                               HEAT     COOL           AVG
      MEAN                                     DEG      DEG            WIND                       DOM
DAY   TEMP    HIGH   TIME     LOW    TIME      DAYS     DAYS    RAIN   SPEED    HIGH    TIME      DIR
----------------------------------------------------------------------------------------------------------------------------------------------------------
01    21.8   028.5   14:09    12.1   00:10     43.2     00.0   00.00   04.9     20.7    10:51     WSW
02    27.5   037.0   11:20    21.0   05:06     37.5     00.0   00.00   02.7     19.6    11:56      W 
03    25.7   031.8   11:52    20.4   07:42     39.3     00.0   00.00   02.1     12.7    16:41     ENE
04    36.7   044.2   21:19    29.7   00:22     28.3     00.0   00.94   02.6     27.6    21:35      W 
05    25.4   040.8   00:02    09.3   23:51     39.6     00.0   00.08   06.6     31.1    12:57     WNW
06    13.6   022.8   13:23    07.4   23:56     51.4     00.0   00.00   00.9     09.2    07:19      SW
07    10.8   021.6   12:25   -02.7   23:58     54.2     00.0   00.00   06.1     35.7    17:54     WNW
08    05.1   015.9   14:23   -05.8   02:55     59.8     00.0   00.01   04.5     27.6    00:18      W 
09    17.4   028.1   13:01    10.1   00:01     47.5     00.0   00.00   05.5     29.9    12:19     WSW
10    10.4   018.9   13:58    05.7   20:27     54.6     00.0   00.00   03.6     15.0    14:28      W 
11    19.5   029.8   12:29    04.5   04:11     45.4     00.0   00.00   02.7     17.3    00:25     WSW
12    31.6   035.6   14:33    27.2   04:27     33.3     00.0   00.21   02.4     17.3    23:38      W 
13    16.8   031.5   00:03    03.7   23:10     48.1     00.0   00.00   03.2     20.7    08:22     NNW
14    14.9   028.0   14:14    02.4   01:41     50.0     00.0   00.00   00.7     08.1    10:56      NE
15    18.6   030.5   12:57    12.3   04:45     46.3     00.0   00.00   01.8     12.7    23:10     WNW
16    21.8   036.2   12:23    07.8   00:00     43.1     00.0   00.00   06.5     67.9    03:46     WNW
17    13.3   023.3   15:19    03.2   07:38     51.7     00.0   00.00   03.2     21.9    04:07      W 
18    31.7   040.0   16:15    16.6   00:21     33.2     00.0   01.07   02.1     12.7    21:14     WSW
19    32.6   037.3   12:43    26.7   22:59     32.3     00.0   00.03   04.5     19.6    13:30     WNW
20    27.2   032.2   15:19    20.4   23:37     37.8     00.0   00.00   03.8     19.6    22:55     WNW
21    23.0   035.2   13:56    11.2   07:18     41.9     00.0   00.00   01.2     13.8    00:56      N 
22    27.4   036.1   13:04    20.6   23:52     37.6     00.0   00.00   02.1     21.9    22:59      NW
23    25.0   034.0   13:46    16.1   07:36     39.9     00.0   00.00   03.0     24.2    00:57      W 
24    31.1   035.9   14:15    26.9   23:58     33.8     00.0   00.00   03.0     23.0    22:36     WNW
----------------------------------------------------------------------------------------------------------------------------------------------------------
22.0 (22.1)   44.2  day 04    -05.8  day 08   1029.7    000.0   02.34   03.3     67.8   day 07      W 
Max <=  32: 12
Min <=  86: 24
Min <=   0: 2
Max <= 23: 4
Min <=  23: 20
Min <=  14: 14
Min <=   5: 6
Min <=   0: 2
Min <=  -4: 1
Max Rain: 1.07 ON 18-01-15
Days of Rain: 6 (> .008in) 4 (> .08in) 2 (> 0.8in)