MONTHLY CLIMATOLOGICAL SUMMARY for AUG. 2016

NAME: Beeney Road   CITY: New Hartford STATE: Connecticut
ELEV: 1060 LAT: 041:52:00 LONG: 0073:02:00

                            TEMPERATURE ( F), RAIN (in.), WIND SPEED (mph)

                                               HEAT     COOL           AVG
      MEAN                                     DEG      DEG            WIND                       DOM
DAY   TEMP    HIGH   TIME     LOW    TIME      DAYS     DAYS    RAIN   SPEED    HIGH    TIME      DIR
----------------------------------------------------------------------------------------------------------------------------------------------------------
01    69.4   080.2   13:33    63.3   05:49     00.0     04.5   00.08   00.8     09.2    11:07     ENE
02    65.7   073.3   13:46    58.6   23:57     00.0     00.7   00.71   00.6     11.5    07:30      NE
03    66.1   084.8   16:12    55.0   06:18     00.0     01.1   00.00   00.7     08.1    16:45      N 
04    67.7   084.8   16:06    55.1   06:09     00.0     02.8   00.00   00.8     09.2    12:21     WSW
05    71.5   087.2   15:27    58.9   05:57     00.0     06.6   00.00   01.3     11.5    19:32     WSW
06    75.0   093.0   15:53    65.8   03:20     00.0     10.0   00.00   01.9     13.8    09:10     WSW
07    71.5   085.3   14:21    62.3   06:21     00.0     06.5   00.00   01.3     11.5    05:25     WNW
08    69.7   085.7   15:02    58.7   06:08     00.0     04.8   00.00   00.9     11.5    13:25      NW
09    69.8   087.4   15:57    56.7   05:59     00.0     04.9   00.00   00.6     09.2    15:57     NNW
10    73.3   081.6   15:14    65.7   02:05     00.0     08.3   00.82   00.9     11.5    17:49     WSW
11    80.2   095.2   16:18    71.3   04:34     00.0     15.3   00.00   00.9     13.8    23:21     WSW
12    79.0   094.8   15:36    70.6   06:36     00.0     14.1   00.38   02.5     17.3    16:58     WSW
13    80.2   093.7   15:30    70.8   06:23     00.0     15.2   00.09   00.7     19.6    21:23     WSW
14    78.6   092.4   16:27    70.6   06:18     00.0     13.6   00.05   01.6     12.7    13:51     WSW
15    74.7   088.1   15:30    65.9   06:40     00.0     09.7   00.00   01.4     12.7    14:45     WNW
16    75.4   086.7   13:24    66.3   01:44     00.0     10.4   00.13   01.1     09.2    23:59     WNW
17    74.1   082.9   15:20    65.2   23:59     00.0     09.2   00.00   02.8     24.1    10:54      W 
18    72.7   089.9   15:48    63.3   01:52     00.0     07.8   00.04   00.6     08.1    16:10     WSW
19    73.4   086.5   13:21    63.3   23:58     00.0     08.5   00.00   00.9     09.2    09:42      N 
20    70.4   087.1   14:27    57.9   06:24     00.0     05.4   00.00   00.9     17.3    14:18      NE
21    74.3   083.1   14:02    68.3   05:45     00.0     09.4   00.58   01.8     16.1    14:27     ESE
22    63.8   073.6   15:34    54.0   00:00     01.2     00.0   00.01   03.1     24.1    13:22     WNW
23    63.0   080.0   15:40    51.1   04:32     01.9     00.0   00.00   00.8     09.2    15:28      W 
24    68.6   085.6   15:54    55.5   06:12     00.0     03.6   00.00   00.4     09.2    13:02      W 
25    71.5   086.5   15:57    60.2   06:04     00.0     06.5   00.00   01.5     12.7    13:28     WSW
26    75.6   088.8   15:50    67.2   23:09     00.0     10.6   00.00   01.6     20.7    11:17      W 
27    72.6   089.5   15:32    61.1   06:08     00.0     07.6   00.00   00.9     09.2    12:44     NNW
----------------------------------------------------------------------------------------------------------------------------------------------------------
72.1 (74.3)   95.2  day 11     51.1  day 23   003.1    197.3   02.89   01.2     24.2   day 22      W 
Max >=  86: 15
Min <=  86: 27
Max Rain: 0.82 ON 10-08-16
Days of Rain: 10 (> .008in) 7 (> .08in) 1 (> 0.8in)