MONTHLY CLIMATOLOGICAL SUMMARY for MAY. 2015

NAME: Beeney Road   CITY: New Hartford STATE: Connecticut
ELEV: 1060 LAT: 041:52:00 LONG: 0073:02:00

                            TEMPERATURE ( F), RAIN (in.), WIND SPEED (mph)

                                               HEAT     COOL           AVG
      MEAN                                     DEG      DEG            WIND                       DOM
DAY   TEMP    HIGH   TIME     LOW    TIME      DAYS     DAYS    RAIN   SPEED    HIGH    TIME      DIR
----------------------------------------------------------------------------------------------------------------------------------------------------------
01    53.0   065.7   13:05    45.8   05:54     11.9     00.0   00.00   01.9     13.8    10:40      E 
02    54.6   073.2   14:02    39.8   06:24     10.3     00.0   00.00   02.6     14.9    12:46      S 
03    60.0   083.3   15:17    40.3   05:36     05.0     00.0   00.00   03.2     12.7    13:13      W 
04    65.7   086.2   15:58    48.4   05:44     00.0     00.7   00.00   04.2     23.0    16:26      SW
05    69.2   084.0   16:07    58.9   03:41     00.0     04.2   00.00   02.7     13.8    14:23     WNW
06    62.9   075.9   16:50    51.2   23:38     02.0     00.0   00.00   02.6     13.8    11:12      N 
07    64.5   085.8   15:58    47.9   06:14     00.4     00.0   00.00   02.7     14.9    18:49     WSW
08    69.8   090.4   16:07    54.5   06:13     00.0     04.8   00.00   02.5     13.8    16:45      SW
09    64.8   080.7   15:25    53.5   01:57     00.2     00.0   00.00   01.5     12.7    17:11     SSW
10    73.0   089.4   15:45    62.8   05:47     00.0     08.0   00.00   03.9     19.6    12:35     WSW
11    72.9   089.4   15:34    61.6   05:39     00.0     07.9   00.00   03.1     14.9    16:39     WSW
12    71.8   086.5   16:23    54.4   00:00     00.0     06.9   00.00   03.7     29.9    16:22      W 
13    55.4   068.5   13:54    44.1   23:03     09.6     00.0   00.00   04.6     32.2    07:45     WNW
14    54.1   072.1   15:29    39.8   05:32     10.9     00.0   00.00   02.1     13.8    14:16     WNW
15    60.1   078.9   14:49    42.9   02:59     04.8     00.0   00.00   01.2     11.5    14:55     WSW
16    63.4   079.3   16:19    51.8   05:56     01.6     00.0   00.11   00.6     09.2    14:55      SW
17    71.5   087.7   16:35    60.0   05:45     00.0     06.5   00.00   01.6     14.9    01:21     WNW
18    65.9   081.7   14:55    57.9   04:00     00.0     01.0   00.00   01.6     13.8    13:11      E 
19    64.5   081.5   16:20    53.1   00:00     00.5     00.0   00.88   01.2     19.6    21:33      W 
20    51.4   059.3   15:50    44.5   23:57     13.5     00.0   00.01   05.0     28.8    06:48     WNW
21    56.5   074.2   15:07    42.4   03:27     08.4     00.0   00.00   01.7     13.8    02:12      W 
----------------------------------------------------------------------------------------------------------------------------------------------------------
63.1 (65.0)   90.4  day 08     39.8  day 14   079.0    040.1   01.00   02.6     32.2   day 20      W 
Max >=  86: 6
Min <=  86: 21
Max Rain: 0.88 ON 19-05-15
Days of Rain: 3 (> .008in) 2 (> .08in) 1 (> 0.8in)