MONTHLY CLIMATOLOGICAL SUMMARY for OCT. 2014

NAME: Beeney Road   CITY: New Hartford STATE: Connecticut
ELEV: 1060 LAT: 041:52:00 LONG: 0073:02:00

                            TEMPERATURE ( F), RAIN (in.), WIND SPEED (mph)

                                               HEAT     COOL           AVG
      MEAN                                     DEG      DEG            WIND                       DOM
DAY   TEMP    HIGH   TIME     LOW    TIME      DAYS     DAYS    RAIN   SPEED    HIGH    TIME      DIR
----------------------------------------------------------------------------------------------------------------------------------------------------------
01    56.7   058.8   13:12    55.1   23:49     08.2     00.0   00.41   01.3     12.7    11:46      NE
02    57.9   069.2   14:43    53.3   20:24     07.1     00.0   00.10   01.3     12.7    02:52      NE
03    53.9   067.4   15:09    44.4   06:43     11.0     00.0   00.00   00.9     09.2    13:40     ENE
04    55.1   058.9   16:27    48.9   00:00     09.8     00.0   01.24   01.1     10.4    23:31     ENE
05    45.0   055.8   15:24    38.4   07:36     19.9     00.0   00.01   01.3     13.8    01:14      W 
06    48.9   066.2   15:17    35.6   05:53     16.0     00.0   00.00   01.1     15.0    11:27      SW
07    60.7   070.4   15:22    50.6   00:34     04.2     00.0   00.02   01.5     15.0    10:29      SW
08    58.6   069.7   15:03    48.8   23:59     06.3     00.0   00.70   03.5     21.9    04:25     WSW
09    50.3   065.3   14:50    41.1   07:06     14.6     00.0   00.00   02.5     23.0    14:05     WSW
10    48.4   062.1   14:39    41.0   02:24     16.5     00.0   00.00   01.2     13.8    13:21      W 
11    46.6   054.3   15:53    41.6   21:59     18.4     00.0   00.20   00.2     06.9    13:19      N 
12    45.5   058.9   15:10    35.5   07:15     19.4     00.0   00.00   00.7     12.7    13:17     WNW
13    52.0   063.7   15:07    38.6   03:10     13.0     00.0   00.00   00.3     09.2    16:46      SW
14    63.5   074.7   14:58    56.4   00:35     01.5     00.0   00.01   01.3     16.1    14:14      SW
15    68.7   077.3   14:20    61.0   00:04     00.0     03.8   00.01   02.5     16.1    14:01     SSW
16    64.7   068.9   13:18    58.9   23:19     00.2     00.0   02.59   01.6     18.4    05:41     SSE
17    58.1   067.1   15:20    52.2   07:34     06.8     00.0   00.00   01.8     16.1    13:31     WSW
18    55.7   066.8   14:16    50.2   23:42     09.3     00.0   00.01   01.6     17.3    15:17     WSW
19    44.4   050.8   00:19    34.9   23:50     20.5     00.0   00.00   04.7     28.8    14:03     WNW
20    42.4   055.2   14:59    30.6   05:52     22.5     00.0   00.00   01.9     13.8    15:04     WSW
21    52.2   063.8   14:25    42.5   04:33     12.8     00.0   00.03   01.6     11.5    23:26     ENE
22    49.0   051.9   00:06    45.8   22:09     16.0     00.0   00.58   05.1     27.6    21:34      NE
23    47.5   049.7   14:24    45.0   23:57     17.5     00.0   00.35   05.2     26.5    04:48      N 
24    47.3   052.2   12:39    44.2   06:46     17.6     00.0   00.13   04.9     24.2    19:34      NW
25    50.4   062.3   14:50    41.2   07:39     14.6     00.0   00.00   03.5     21.9    03:32      W 
26    47.0   055.1   15:07    40.2   05:51     17.9     00.0   00.10   04.1     28.8    03:54      W 
27    48.4   056.8   15:00    40.4   23:12     16.5     00.0   00.00   03.4     27.6    08:55     WNW
28    52.9   071.2   15:21    39.4   01:54     12.0     00.0   00.00   01.0     09.2    16:21      SW
29    54.5   068.8   14:01    40.2   00:00     10.4     00.0   00.13   02.5     16.1    14:55      W 
30    43.2   054.9   13:52    37.3   05:42     21.7     00.0   00.01   01.8     16.1    14:56     WNW
----------------------------------------------------------------------------------------------------------------------------------------------------------
52.3 (53.4)   77.3  day 15     30.6  day 20   382.4    003.8   06.63   02.2     28.8   day 27     WNW
Min <=  86: 30
Max Rain: 2.59 ON 16-10-14
Days of Rain: 18 (> .008in) 11 (> .08in) 2 (> 0.8in)