MONTHLY CLIMATOLOGICAL SUMMARY for AUG. 2015

NAME: Beeney Road   CITY: New Hartford STATE: Connecticut
ELEV: 1060 LAT: 041:52:00 LONG: 0073:02:00

                            TEMPERATURE ( F), RAIN (in.), WIND SPEED (mph)

                                               HEAT     COOL           AVG
      MEAN                                     DEG      DEG            WIND                       DOM
DAY   TEMP    HIGH   TIME     LOW    TIME      DAYS     DAYS    RAIN   SPEED    HIGH    TIME      DIR
----------------------------------------------------------------------------------------------------------------------------------------------------------
01    71.9   085.5   13:44    62.6   04:32     00.0     07.0   00.00   01.2     20.7    14:43      W 
02    69.4   086.7   15:42    57.0   05:54     00.0     04.5   00.00   00.7     12.7    12:56      W 
03    73.1   088.8   16:03    61.7   05:54     00.0     08.1   00.00   00.9     11.5    13:37     WSW
04    73.7   088.8   14:57    65.0   00:00     00.0     08.8   00.02   01.3     16.1    14:42      W 
05    68.5   084.9   15:57    57.8   05:52     00.0     03.6   00.00   01.1     17.3    16:47      W 
06    66.3   080.0   14:55    55.7   06:30     00.0     01.4   00.00   01.0     10.4    10:40      W 
07    67.5   084.4   15:30    55.9   05:56     00.0     02.6   00.00   00.9     09.2    11:23     NNE
08    67.8   084.8   15:56    57.0   06:36     00.0     02.8   00.00   00.5     08.1    16:01     NNE
09    67.3   084.4   16:19    56.7   06:28     00.0     02.3   00.00   01.1     10.4    13:36      NE
10    70.0   084.2   14:48    59.6   01:35     00.0     05.1   00.00   00.7     11.5    13:45     WSW
11    68.5   077.0   16:29    64.4   23:54     00.0     03.5   01.13   01.0     11.5    19:26      SW
12    68.4   081.0   15:28    60.7   06:33     00.0     03.5   00.01   01.9     17.3    05:45      W 
13    66.8   081.5   15:00    56.4   06:26     00.0     01.8   00.00   01.2     11.5    11:58     WNW
14    68.9   086.1   16:18    55.0   06:06     00.0     04.0   00.00   00.7     10.4    15:33      W 
15    73.9   089.6   15:01    61.6   06:04     00.0     09.0   00.56   00.9     16.1    19:59     WSW
16    72.8   087.2   16:56    63.5   05:48     00.0     07.8   00.00   00.3     06.9    15:54      W 
17    75.5   090.8   15:52    64.2   06:12     00.0     10.6   00.00   00.3     09.2    15:48      SW
18    76.8   094.9   13:58    67.2   05:55     00.0     11.8   00.00   00.4     06.9    17:55      SW
19    75.7   088.0   14:46    66.8   05:42     00.0     10.7   00.00   00.9     10.4    16:44     SSW
20    74.7   085.4   15:02    68.7   22:23     00.0     09.7   00.00   01.6     16.1    17:18      E 
21    70.3   083.9   16:10    62.0   08:29     00.0     05.4   00.49   01.3     13.8    08:13     NNW
22    68.2   084.8   16:03    58.2   07:14     00.0     03.3   00.00   01.4     12.7    02:25     NNW
23    70.4   084.2   15:06    59.3   06:18     00.0     05.5   00.00   00.9     10.4    08:43      NE
24    73.5   086.3   15:05    66.1   23:58     00.0     08.5   00.00   00.4     08.1    16:53     NNE
25    73.3   086.8   14:07    63.4   23:58     00.0     08.4   00.35   00.6     10.4    12:42     SSW
26    65.0   081.2   14:37    56.4   06:39     00.0     00.1   00.00   01.4     12.7    04:57     WNW
27    63.9   077.7   14:07    54.8   05:48     01.0     00.0   00.00   01.5     13.8    12:07      W 
28    63.6   082.3   14:34    53.6   06:48     01.3     00.0   00.00   00.8     08.1    05:54      NW
29    64.8   081.6   15:57    52.6   06:26     00.1     00.0   00.00   00.6     10.4    12:55      W 
30    70.3   086.2   15:16    58.7   06:35     00.0     05.3   00.30   00.6     13.8    18:02     WSW
31    72.3   085.2   16:15    63.7   06:04     00.0     07.4   00.00   00.8     12.7    15:42     WSW
----------------------------------------------------------------------------------------------------------------------------------------------------------
70.1 (72.6)   94.9  day 18     52.6  day 29   002.4    162.4   02.87   00.9     20.7   day 01      W 
Max >=  86: 12
Min <=  86: 31
Max Rain: 1.13 ON 11-08-15
Days of Rain: 7 (> .008in) 5 (> .08in) 1 (> 0.8in)